ase 14) to base 9.
3
-1 (base 7) to base 4
-1
What is 1 (base 4) in base 13?
1
Convert -504 (base 8) to base 15.
-169
-122 (base 15) to base 11
-214
-102 (base 8) to base 13
-51
What is -72 (base 10) in base 9?
-80
3a (base 12) to base 16
2e
What is -2 (base 14) in base 15?
-2
-10 (base 10) to base 14
-a
-1f (base 16) to base 7
-43
Convert -4 (base 5) to base 7.
-4
What is -70 (base 12) in base 10?
-84
What is 31 (base 5) in base 12?
14
What is -122 (base 4) in base 2?
-11010
Convert 43 (base 5) to base 13.
1a
What is 2 (base 4) in base 11?
2
-41 (base 5) to base 15
-16
Convert -10 (base 13) to base 2.
-1101
-202 (base 6) to base 11
-68
What is a (base 11) in base 9?
11
Convert -5 (base 14) to base 4.
-11
-3 (base 4) to base 6
-3
5 (base 9) to base 2
101
Convert 20 (base 4) to base 13.
8
Convert -40 (base 9) to base 6.
-100
What is 129 (base 13) in base 3?
21120
-11000001 (base 2) to base 5
-1233
10 (base 5) to base 7
5
4 (base 12) to base 6
4
-71 (base 11) to base 16
-4e
Convert -7 (base 16) to base 15.
-7
What is -6 (base 12) in base 4?
-12
Convert 12 (base 6) to base 7.
11
24 (base 6) to base 2
10000
Convert -3 (base 4) to base 16.
-3
-1 (base 10) to base 4
-1
-181 (base 11) to base 13
-132
Convert a (base 12) to base 14.
a
Convert 2 (base 7) to base 3.
2
7 (base 11) to base 5
12
What is -431 (base 5) in base 14?
-84
What is 12 (base 12) in base 6?
22
Convert 218 (base 9) to base 8.
263
40 (base 6) to base 11
22
Convert -5 (base 11) to base 8.
-5
156 (base 8) to base 9
132
1 (base 3) to base 4
1
Convert 14 (base 7) to base 5.
21
Convert -90 (base 10) to base 8.
-132
What is 3 (base 8) in base 10?
3
What is -5 (base 12) in base 7?
-5
What is -10 (base 11) in base 13?
-b
-101 (base 2) to base 6
-5
Convert 11 (base 3) to base 11.
4
What is 0 (base 13) in base 5?
0
What is c (base 15) in base 6?
20
What is -106 (base 9) in base 7?
-153
Convert b (base 16) to base 13.
b
What is 75 (base 11) in base 14?
5c
Convert -9 (base 12) to base 16.
-9
What is -141 (base 7) in base 14?
-58
Convert 6 (base 12) to base 2.
110
Convert -69 (base 11) to base 9.
-83
Convert 423 (base 7) to base 11.
184
What is -1 (base 13) in base 16?
-1
What is -1 (base 4) in base 8?
-1
83 (base 13) to base 15
72
Convert -130 (base 11) to base 9.
-181
Convert 220 (base 4) to base 14.
2c
What is 308 (base 10) in base 9?
372
Convert -9c (base 13) to base 10.
-129
3 (base 8) to base 2
11
5 (base 12) to base 11
5
Convert -3 (base 7) to base 9.
-3
What is -2 (base 11) in base 13?
-2
159 (base 14) to base 2
100010011
Convert 1201 (base 3) to base 4.
232
Convert 1 (base 14) to base 9.
1
What is 12 (base 14) in base 10?
16
What is 8a (base 11) in base 10?
98
-2012 (base 4) to base 11
-112
What is -17 (base 15) in base 14?
-18
Convert 24 (base 12) to base 5.
103
Convert 2 (base 5) to base 6.
2
Convert 22 (base 3) to base 9.
8
-2 (base 4) to base 6
-2
34 (base 14) to base 12
3a
What is ba (base 12) in base 2?
10001110
41 (base 13) to base 11
49
Convert a (base 14) to base 3.
101
1 (base 13) to base 9
1
Convert -5 (base 9) to base 11.
-5
Convert 3e (base 16) to base 6.
142
0 (base 16) to base 5
0
What is 11101001 (base 2) in base 13?
14c
What is -4 (base 8) in base 2?
-100
What is -60 (base 7) in base 6?
-110
2 (base 10) to base 7
2
Convert 1 (base 3) to base 5.
1
-2 (base 8) to base 5
-2
Convert 100 (base 2) to base 12.
4
-40 (base 11) to base 8
-54
What is -14 (base 16) in base 7?
-26
Convert 79 (base 11) to base 8.
126
Convert -9 (base 12) to base 5.
-14
Convert 4 (base 6) to base 5.
4
Convert -129 (base 11) to base 14.
-ac
What is -100 (base 3) in base 2?
-1001
Convert 2 (base 6) to base 12.
2
What is 0 (base 2) in base 9?
0
Convert -11000010 (base 2) to base 3.
-21012
Convert -12 (base 4) to base 11.
-6
11110 (base 2) to base 14
22
4 (base 12) to base 8
4
What is 5 (base 6) in base 8?
5
Convert -33 (base 15) to base 9.
-53
Convert -4 (base 9) to base 7.
-4
What is -8 (base 16) in base 5?
-13
3 (base 9) to base 11
3
What is -2 (base 7) in base 12?
-2
-10022 (base 3) to base 14
-65
Convert -a (base 12) to base 7.
-13
4 (base 14) to base 15
4
What is -1 (base 15) in base 14?
-1
Convert -1000000 (base 2) to base 4.
-1000
What is 2 (base 4) in base 7?
2
-2 (base 5) to base 9
-2
Convert 4 (base 10) to base 9.
4
Convert 8 (base 15) to base 13.
8
16 (base 7) to base 14
d
8 (base 11) to base 8
10
What is -78 (base 14) in base 10?
-106
Convert -4 (base 12) to base 8.
-4
What is 1224 (base 6) in base 14?
17a
Convert -121 (base 3) to base 7.
-22
What is 15 (base 13) in base 9?
20
233 (base 8) to base 4
2123
-178 (base 9) to base 4
-2120
-cd (base 16) to base 9
-247
What is 3 (base 6) in base 15?
3
Convert 10 (base 14) to base 8.
16
Convert -17 (base 13) to base 3.
-202
12 (base 16) to base 9
20
232 (base 4) to base 3
1201
Convert 8 (base 15) to base 14.
8
5 (base 8) to base 11
5
Convert 12 (base 10) to base 3.
110
What is 9 (base 13) in base 9?
10
-100 (base 2) to base 16
-4
What is 14 (base 10) in base 6?
22
-12 (base 3) to base 11
-5
1100 (base 2) to base 8
14
What is 4 (base 13) in base 7?
4
What is 1 (base 10) in base 4?
1
1 (base 5) to base 3
1
36 (base 14) to base 16
30
What is -101 (base 4) in base 2?
-10001
-6 (base 12) to base 9
-6
What is 2 (base 5) in base 6?
2
Convert -201 (base 3) to base 7.
-25
Convert 11000 (base 3) to base 10.
108
19 (base 15) to base 3
220
-4 (base 15) to base 3
-11
What is -1e (base 15) in base 5?
-104
12 (base 8) to base 3
101
What is -3 (base 8) in base 13?
-3
Convert -1 (base 8) to base 6.
-1
Convert -4 (base 8) to base 11.
-4
3 (base 16) to base 8
3
4 (base 8) to base 14
4
What is -101010 (base 2) in base 11?
-39
What is -106 (base 7) in base 9?
-61
1 (base 2) to base 5
1
What is 7 (base 14) in base 7?
10
Convert -1 (base 12) to base 14.
-1
Convert -5 (base 16) to base 9.
-5
-112 (base 6) to base 4
-230
Convert 122 (base 3) to base 11.
16
Convert -1 (base 14) to base 16.
-1
Convert 7 (base 12) to base 13.
7
-2 (base 13) to base 6
-2
What is 3 (base 13) in base 6?
3
2 (base 3) to base 2
10
Convert 32 (base 7) to base 13.
1a
10120 (base 3) to base 10
96
What is 278 (base 10) in base 12?
1b2
What is 15 (base 14) in base 10?
19
What is -41 (base 5) in base 11?
-1a
7a (base 14) to base 11
99
What is 1 (base 3) in base 12?
1
Convert 0 (base 2) to base 12.
0
4 (base 16) to base 4
10
What is 4c (base 16) in base 8?
114
What is 213 (base 5) in base 3?
2011
-14 (base 16) to base 5
-40
What is -67 (base 8) in base 11?
-50
What is -5 (base 8) in base 15?
-5
Convert -69 (base 12) to base 13.
-63
26 (base 13) to base 14
24
2 (base 16) to base 14
2
10 (base 6) to base 8
6
Convert 1101 (base 2) to base 11.
12
Convert 14 (base 6) to base 8.
12
Convert 11 (base 6) to base 15.
7
Convert 2 (base 9) to base 10.
2
46 (base 7) to base 8
42
-10 (base 3) to base 13
-3
Convert -bd (base 15) to base 6.
-454
-1121 (base 3) to base 11
-3a
115 (base 6) to base 16
2f
What is -34 (base 8) in base 11?
-26
Convert 3 (base 14) to base 16.
3
What is -8 (base 12) in base 4?
-20
0 (base 5) to base 2
0
1 (base 16) to base 10
1
Convert -3 (base 11) to base 15.
-3
Convert 7 (base 16) to base 2.
111
What is -1 (base 16) in base 5?
-1
-46 (base 7) to base 6
-54
What is -125 (base 13) in base 15?
-d5
What is -14 (base 15) in base 10?
-19
What is -11012 (base 3) in base 15?
-78
What is 3 (base 10) in base 16?
3
Convert 3 (base 8) to base 13.
3
21121 (base 3) to base 5
1310
20 (base 6) to base 10
12
Convert 1 (base 5) to base 8.
1
Convert 0 (base 9) to base 6.
0
Convert -78 (base 10) to base 16.
-4e
Convert 11 (base 4) to base 15.
5
What is -2 (base 12) in base 14?
-2
2 (base 4) to base 2
10
What is -2121 (base 4) in base 10?
-153
3 (base 10) to base 4
3
What is 211 (base 5) in base 4?
320
What is -11 (base 3) in base 12?
-4
0 (base 12) to base 13
0
-11 (base 6) to base 16
-7
-108 (base 10) to base 15
-73
Convert 128 (base 11) to base 9.
177
Convert 234 (base 10) to base 15.
109
-3 (base 10) to base 14
-3
What is -1c (base 13) in base 9?
-27
2 (base 5) to base 10
2
Convert -4 (base 11) to base 13.
-4
-10 (base 4) to base 16
-4
What is -10 (base 2) in base 6?
-2
-4 (base 10) to base 11
-4
Convert -131 (base 5) to base 15.
-2b
1 (base 15) to base 10
1
Convert -20 (base 12) to base 14.
-1a
-61 (base 1